s of d(x)?
2
List the prime factors of (-6)/(12/(-26)) - -4.
17
Suppose 0*n + 3*n + 3 = 0. Let r(w) = 25*w**2 + w. What are the prime factors of r(n)?
2, 3
Suppose 165 + 563 = 7*d. What are the prime factors of d?
2, 13
Let v(o) = 5*o + 21. What are the prime factors of v(10)?
71
Let o be (-3)/((0 + 1)/(-1)). Suppose 2*x = -2*u + 17 - o, 4*u = 5*x + 55. Let m = u - 3. List the prime factors of m.
7
List the prime factors of (2 + 0)/(((-4)/310)/(-1)).
5, 31
Suppose v - 132 = -3*v. List the prime factors of v.
3, 11
Let g(p) = p + 8. Let x be g(9). Let o = x + -29. Let h = 21 + o. List the prime factors of h.
3
Let k = 9 - 8. List the prime factors of -5 + 3 + 4 + k.
3
Suppose 4*z - 11 = -t + 1, -4*t - 2*z + 20 = 0. Let j be 6*6/t*1. What are the prime factors of (-2)/2 + 162/j?
17
Let u be 1 - 6/(3/(-1)). Let y be u/2*(-32)/(-12). Suppose 3*c = y + 8. List the prime factors of c.
2
Suppose 0*h - 195 = -5*h. Suppose 24 = 3*a - h. List the prime factors of a.
3, 7
Suppose -4*k = -k - 144. What are the prime factors of k?
2, 3
Let s(x) = -x**2 - 12*x - 12. Let y(h) = 4*h + 6. Let l be y(-4). Let d be s(l). Suppose 2*j + 2 = d. List the prime factors of j.
3
Suppose 0*b = 3*b. Suppose b = -3*w + 5*p + 40, -2*w - 4 + 16 = 4*p. List the prime factors of w.
2, 5
Let c be (-4)/(39/15 - 3). Let x = 5 + c. List the prime factors of x.
3, 5
Suppose 0 = -8*m + 6*m + 28. List the prime factors of m.
2, 7
Let n = 15 - 11. Let r(m) be the second derivative of m**4/12 - m**3/3 + 5*m**2/2 - m. List the prime factors of r(n).
13
Let o(t) = t**2 - 29. What are the prime factors of o(9)?
2, 13
Suppose 0 = 2*l + 2*j - 24, 0 = -2*l + j + 13 + 14. What are the prime factors of l?
13
Let w(v) = v + 2. Let u be w(-2). Suppose -r + 90 = -4*r + n, u = r - 3*n + 22. Let j = r + 44. List the prime factors of j.
13
Suppose -227 = -5*u + 3*m + 138, 2*m + 294 = 4*u. List the prime factors of u.
2, 19
Let k(o) be the third derivative of -o**4/24 + 2*o**3/3 - 2*o**2. Let u be k(4). Suppose u = -7*l + 3*l + 44. List the prime factors of l.
11
Let m = 150 - 83. What are the prime factors of m?
67
Let m(a) = -a - 8. Let v be m(7). Let h = v + 33. What are the prime factors of h?
2, 3
Suppose 0*i - 3*i - 43 = -l, 105 = -5*i - 5*l. Let z be (-46)/(-4) - (-24)/i. List the prime factors of -4*8/z*-5.
2
Suppose n - 57 + 21 = 0. What are the prime factors of (1 - 2)/((-4)/n)?
3
Suppose 2*p = p + 2. What are the prime factors of 4*(2 - (-3)/p)?
2, 7
Suppose 2*m = -1 + 11. Suppose m*z - z = 8. List the prime factors of 10/((z - 0) + -1).
2, 5
Let o(l) be the second derivative of l**4/12 - l**3/2 - 3*l**2/2 - l. List the prime factors of o(5).
7
Suppose 6 - 1 = s. Suppose 135 = 3*u + 3*o, -s*u - o = -229 + 8. What are the prime factors of u?
2, 11
Let b be ((-3)/(-4))/((-1)/(-28)). Suppose d + 4*o = b, -3*d + o + 23 = 5*o. What are the prime factors of 6/d + 2 + 0?
2
Suppose 2*a - 30 = 32. List the prime factors of a.
31
Let y(q) be the second derivative of q**4/6 - q**3/6 - q**2 + q. What are the prime factors of y(4)?
2, 13
Let o(t) = -t**3 - 2*t**2 + 2*t + 1. Let w be o(-3). Let f be 30/w*4/(-6). What are the prime factors of (-3)/f + (-14)/(-10)?
2
Suppose -5*u - 12 = -2*a - a, 2*a = -3*u + 8. Suppose z - 18 - 1 = -m, -m = -a. What are the prime factors of z?
3, 5
Suppose -7*t + 6*t = -43. What are the prime factors of t?
43
Suppose -6 = -3*l + 5*z, 3 = -3*l + 5*l - 3*z. Let i be ((-3)/(-2))/(l/(-8)). Suppose i*c - 51 = -3. List the prime factors of c.
2, 3
Let a(n) = -n**3 + 11*n**2 - 13*n + 10. Let d be a(10). List the prime factors of d/3*72/(-20).
2, 3
Let i be (2/6 - 0)*6. Let c be (8/10)/(2/30). Suppose c = i*z + z. List the prime factors of z.
2
Let m(w) = 10*w - 4. Let b(y) = 7*y - 3. Let k(v) = 7*b(v) - 5*m(v). Let f be k(-4). Suppose -5 = -c + f. What are the prime factors of c?
2
Let r(j) = -5*j - 1. Let h be (0 + (5 - 2))*-1. What are the prime factors of r(h)?
2, 7
Let l(f) = f**3 + 4*f**2 - 3*f + 2. Let m be l(-5). Let h = m + 18. List the prime factors of h.
2, 5
Suppose 8*x = 7*x + 18. What are the prime factors of x?
2, 3
Let c = 6 + 10. List the prime factors of c.
2
Let t(d) = 13*d**2 + d. What are the prime factors of t(1)?
2, 7
List the prime factors of 44/1 - 0/5.
2, 11
Let p be (6 - 1)*8/10. Let n(y) = 5*y**3 + 2*y**2 + 4*y - 2. Let o(a) = 4*a**3 + 2*a**2 + 4*a - 1. Let f(i) = 5*n(i) - 6*o(i). List the prime factors of f(p).
2, 3
Let b be 3*(-1 + 8/6). Suppose -2*y - b + 9 = 0. Suppose y*p = 9 + 19. What are the prime factors of p?
7
Let d = 9 - 6. Suppose -8*o = -d*o + 50. Let x = 12 + o. What are the prime factors of x?
2
Let u(k) = 10*k**2 - 2. List the prime factors of u(-2).
2, 19
Suppose 2*k + 0 - 44 = 4*g, 84 = 3*k + 3*g. What are the prime factors of k?
2, 13
Suppose -4*d + d = -51. Let r = d - 9. Let f = -5 + r. List the prime factors of f.
3
Suppose -4*f + 3*c = -2*f - 30, -5*f - 4*c + 29 = 0. Suppose 5*m = r + 18 + f, -2*m + r = -12. What are the prime factors of m?
5
Suppose 4*b = -17 - 3. Let x = 0 - b. What are the prime factors of x?
5
Suppose -2478 = -13*o - 840. What are the prime factors of o?
2, 3, 7
Suppose -2*q + 3*q + 5*v - 29 = 0, q - 3*v = -3. Let l be ((-10)/15)/(2/3). Let r = q - l. List the prime factors of r.
2, 5
Let x(v) be the first derivative of v**2 - 12*v + 2. List the prime factors of x(12).
2, 3
Let g(z) = 20*z**3 - 5 + 5. What are the prime factors of g(1)?
2, 5
Let n(b) = -6*b - 1. Let l be n(-1). Let w(d) = 7*d**2 - 3*d**2 + l + d + 0 - d**3. List the prime factors of w(4).
3
Suppose -5*q + 4*d + 41 = 0, q + 2*q - 23 = 2*d. Let m = q - -9. Suppose -4*n + m = -3*n. List the prime factors of n.
2, 7
Let s(y) be the first derivative of 5*y**2 + y - 2. What are the prime factors of s(2)?
3, 7
Let x(r) = r**3 + r**2 + 1. Let o(m) = 7*m**3 + 14*m**2 + m + 3. Let g(t) = -o(t) + 6*x(t). What are the prime factors of g(-8)?
11
Let y = -46 - -64. List the prime factors of y.
2, 3
Let y = -5 - -8. Suppose -m - 2*m + y*i + 75 = 0, 5*m + 5*i - 105 = 0. List the prime factors of m.
23
Suppose 2*p - 477 = 73. List the prime factors of p.
5, 11
What are the prime factors of -1 - ((-88)/2 + 4)?
3, 13
Let h = -24 + 37. Let r(o) = o**3 + 17*o**2 - 4. Let x be r(-17). List the prime factors of h/(2*(-2)/x).
13
Let s(v) = -v + 9. Let p be s(7). Let y = 0 + p. What are the prime factors of y?
2
Let r = 25 - 22. Suppose 3*j - 2 = 10. Suppose 11 - r = j*s. What are the prime factors of s?
2
Let w(o) = -o**3 + 2*o**2. Let n be w(2). Suppose n = 3*q - 0*q. Suppose q = -h - 2 + 9. What are the prime factors of h?
7
Let p = 17 - -9. List the prime factors of p.
2, 13
Suppose -m = 2*m - 75. Let d = m - -2. List the prime factors of d.
3
Let g = -70 - -206. List the prime factors of g.
2, 17
Let p = 84 + -46. Suppose t + 16 = m, m - p = 5*t - 14. List the prime factors of m.
2, 7
Suppose -3*p + 355 - 136 = 0. What are the prime factors of p?
73
Let v = -8 - -14. What are the prime factors of v?
2, 3
Let r be 1*(0/(-1))/(-3). Suppose r = 2*d + 5*c - 3*c - 12, -3 = -2*d + c. List the prime factors of d.
3
Let t(k) be the second derivative of 7*k - 1 - 3*k + k**3 + 1. What are the prime factors of t(3)?
2, 3
Let i = 78 - 47. Let j = i - 22. Suppose -4*m + j - 1 = 0. What are the prime factors of m?
2
Let i be 51/9 + 2/(-3). Let z(l) = -9*l + 6. Let g(k) = -9*k + 7. Let h(w) = i*g(w) - 6*z(w). What are the prime factors of h(1)?
2
Let x be -2 - (-3 + 0 + -55). Suppose -2*k = -6*k - x. List the prime factors of (-4)/k - 26/(-7).
2
Let k = 307 + -179. What are the prime factors of k?
2
Let z be 4*1*3/6. What are the prime factors of 2 + 8*z - 3?
3, 5
Let v(k) = 30*k - 23. List the prime factors of v(7).
11, 17
Suppose -3*o - o = -16. Let l be o/6 + 272/(-12). Let r = 31 + l. What are the prime factors of r?
3
Let v(n) = -n**3 + 3*n**2 + n + 1. Let h = -8 - -3. Let l(z) = z**2 + 4*z - 2. Let q be l(h). List the prime factors of v(q).
2
Suppose 0 = -5*z + 7*z. Suppose 52 = 3*f - 4*u, 0 = 3*f + u - z*u - 77. What are the prime factors of f?
2, 3
Let n = 11 + -8. Suppose -n*w + 6*w + 9 = 0, -4*c + 5*w = -71. List the prime factors of c.
2, 7
Let s(x) = 2*x**3 + 15*x**2 - 6*x + 5. List the prime factors of s(-7).
2, 3
List the prime factors of ((-362)/(-4))/((